e highest common divisor of 279 and 243.
9
What is the highest common divisor of 17461 and 19?
19
What is the greatest common divisor of 280 and 12460?
140
Calculate the greatest common factor of 16 and 6.
2
Calculate the highest common divisor of 171 and 603.
9
What is the highest common divisor of 352 and 32?
32
Calculate the greatest common factor of 49 and 224.
7
Calculate the greatest common factor of 11 and 10483.
11
What is the greatest common divisor of 8 and 2168?
8
What is the highest common factor of 704 and 11?
11
Calculate the greatest common divisor of 1344 and 128.
64
Calculate the greatest common factor of 43 and 3.
1
What is the greatest common divisor of 20 and 650?
10
Calculate the highest common factor of 39 and 312.
39
Calculate the greatest common divisor of 12027 and 171.
57
What is the highest common factor of 1088 and 952?
136
Calculate the highest common factor of 524 and 4.
4
Calculate the highest common divisor of 340 and 17.
17
What is the greatest common factor of 704 and 1440?
32
Calculate the highest common factor of 428 and 4.
4
Calculate the greatest common factor of 33830 and 17.
17
Calculate the greatest common factor of 144 and 162.
18
Calculate the highest common factor of 94 and 1081.
47
Calculate the greatest common divisor of 270 and 15.
15
Calculate the greatest common factor of 391 and 46.
23
What is the greatest common divisor of 14658 and 42?
42
What is the greatest common factor of 129 and 172?
43
Calculate the greatest common factor of 220 and 13640.
220
What is the highest common divisor of 973 and 3197?
139
What is the greatest common divisor of 779 and 19?
19
What is the greatest common factor of 259 and 962?
37
What is the highest common divisor of 31 and 248?
31
What is the greatest common factor of 429 and 3237?
39
Calculate the greatest common factor of 316 and 12798.
158
What is the greatest common divisor of 3 and 27?
3
Calculate the highest common divisor of 22 and 5104.
22
Calculate the highest common divisor of 56 and 238.
14
Calculate the highest common divisor of 20964 and 12.
12
Calculate the highest common factor of 92 and 3979.
23
Calculate the greatest common factor of 80 and 184.
8
What is the highest common divisor of 2009 and 1?
1
Calculate the highest common divisor of 1536 and 132.
12
Calculate the greatest common factor of 3021 and 228.
57
Calculate the greatest common divisor of 377 and 130.
13
Calculate the highest common factor of 12 and 176.
4
Calculate the highest common divisor of 186 and 5022.
186
What is the highest common factor of 32 and 592?
16
What is the greatest common factor of 26 and 2795?
13
Calculate the highest common factor of 374 and 539.
11
What is the greatest common factor of 171 and 2109?
57
Calculate the greatest common factor of 304 and 3192.
152
What is the highest common factor of 817 and 247?
19
Calculate the greatest common factor of 105 and 16940.
35
Calculate the greatest common factor of 1404 and 432.
108
What is the greatest common divisor of 41 and 205?
41
What is the highest common divisor of 32 and 4?
4
What is the greatest common divisor of 1037 and 61?
61
Calculate the highest common divisor of 5771 and 87.
29
What is the greatest common divisor of 11 and 275?
11
What is the greatest common divisor of 19545 and 15?
15
Calculate the greatest common factor of 93 and 1023.
93
Calculate the highest common divisor of 32 and 3408.
16
Calculate the highest common factor of 1675 and 75.
25
What is the greatest common factor of 315 and 45?
45
What is the greatest common factor of 81 and 1?
1
Calculate the greatest common factor of 308 and 44.
44
Calculate the highest common factor of 54 and 81.
27
What is the highest common factor of 168 and 106?
2
Calculate the greatest common factor of 27 and 99.
9
What is the highest common divisor of 24726 and 78?
78
What is the greatest common divisor of 816 and 1020?
204
What is the greatest common divisor of 119 and 1003?
17
What is the greatest common factor of 153 and 28407?
51
What is the greatest common factor of 4956 and 14?
14
Calculate the highest common factor of 2793 and 686.
49
What is the greatest common factor of 187 and 51?
17
What is the greatest common divisor of 3377 and 1228?
307
Calculate the greatest common divisor of 8 and 1604.
4
Calculate the highest common divisor of 30 and 960.
30
What is the greatest common divisor of 476 and 672?
28
Calculate the greatest common factor of 81 and 36.
9
What is the highest common factor of 1919 and 19?
19
What is the greatest common divisor of 72 and 8388?
36
Calculate the highest common factor of 21 and 4011.
21
What is the highest common factor of 66 and 42?
6
What is the greatest common divisor of 531 and 18?
9
Calculate the greatest common factor of 5192 and 1496.
88
What is the greatest common factor of 1845 and 525?
15
What is the greatest common divisor of 1106 and 476?
14
Calculate the highest common factor of 12 and 1956.
12
What is the highest common divisor of 16010 and 30?
10
What is the highest common divisor of 1476 and 1548?
36
Calculate the greatest common factor of 3 and 87.
3
Calculate the greatest common factor of 111 and 37.
37
What is the highest common divisor of 45 and 30?
15
What is the highest common factor of 40219 and 37?
37
Calculate the greatest common factor of 147 and 6.
3
Calculate the highest common divisor of 2135 and 35.
35
What is the highest common divisor of 94 and 2?
2
Calculate the highest common divisor of 297 and 11.
11
Calculate the greatest common factor of 1496 and 176.
88
What is the highest common divisor of 1295 and 2331?
259
What is the greatest common factor of 24 and 1404?
12
What is the greatest common factor of 10640 and 1960?
280
Calculate the greatest common factor of 272 and 612.
68
Calculate the greatest common divisor of 14560 and 70.
70
Calculate the highest common divisor of 17 and 17.
17
Calculate the highest common divisor of 72 and 11208.
24
Calculate the highest common factor of 4 and 20.
4
What is the greatest common divisor of 63 and 105?
21
Calculate the greatest common divisor of 90 and 20.
10
Calculate the highest common factor of 335 and 5.
5
What is the greatest common divisor of 595 and 175?
35
Calculate the highest common factor of 125 and 2375.
125
What is the highest common factor of 623 and 35?
7
Calculate the greatest common divisor of 108 and 18432.
36
What is the greatest common factor of 76 and 5472?
76
What is the highest common factor of 3625 and 625?
125
Calculate the greatest common factor of 12 and 156.
12
What is the highest common divisor of 18 and 102?
6
What is the highest common factor of 380 and 418?
38
What is the greatest common factor of 96 and 18?
6
Calculate the highest common divisor of 6020 and 140.
140
Calculate the highest common factor of 185 and 10.
5
What is the greatest common factor of 150 and 7400?
50
What is the greatest common divisor of 861 and 21?
21
Calculate the highest common divisor of 35 and 217.
7
Calculate the highest common factor of 9 and 8739.
9
Calculate the greatest common divisor of 2094 and 12.
6
What is the greatest common factor of 430 and 516?
86
What is the greatest common factor of 135 and 35?
5
What is the highest common divisor of 611 and 13?
13
What is the highest common divisor of 126 and 266?
14
Calculate the greatest common factor of 5067 and 36.
9
Calculate the highest common divisor of 583 and 53.
53
Calculate the greatest common divisor of 351 and 9.
9
What is the greatest common factor of 435 and 261?
87
What is the greatest common factor of 377 and 464?
29
What is the highest common divisor of 104 and 182?
26
Calculate the highest common factor of 12 and 30.
6
What is the highest common factor of 3534 and 114?
114
Calculate the highest common divisor of 90 and 648.
18
Calculate the greatest common divisor of 5727 and 23.
23
Calculate the greatest common divisor of 42 and 24.
6
Calculate the greatest common factor of 15 and 1455.
15
What is the greatest common divisor of 12 and 664?
4
What is the greatest common divisor of 1045 and 1235?
95
What is the greatest common divisor of 282 and 27542?
94
What is the highest common divisor of 180 and 80?
20
Calculate the greatest common divisor of 67386 and 22.
22